{"id":245,"date":"2014-08-09T09:29:33","date_gmt":"2014-08-09T09:29:33","guid":{"rendered":"http:\/\/ankaraizcileri.com\/?page_id=245"},"modified":"2022-07-27T09:22:43","modified_gmt":"2022-07-27T09:22:43","slug":"uyelik-sartlari","status":"publish","type":"page","link":"https:\/\/ankaraizcileri.com\/?page_id=245","title":{"rendered":"\u00dcyelik \u015eartlar\u0131"},"content":{"rendered":"<p><strong>\u00dcye olma<\/strong><\/p>\n<p>Giri\u015f Aidat\u0131 : 500.00.TL.<\/p>\n<p>Ayl\u0131k Aidat\u0131 : 20.00.TL<\/p>\n<p><strong>Madde 7\u00a0<\/strong>(1) Dernek \u00fcyeli\u011fi a\u015fa\u011f\u0131daki \u015fartlarla ger\u00e7ekle\u015fir.<\/p>\n<p>a) Dernekler Kanunu\u2019nda belirtilen \u015fartlara uygun olmak ve 18 ya\u015f\u0131n\u0131 doldurmu\u015f olmak,<\/p>\n<p>b) \u0130zci liderli\u011fi, gen\u00e7lik ve spor alanlar\u0131nda ve dernek \u00e7al\u0131\u015fma birimlerinde sorumluluk alabilmesiyle ilgili olarak ge\u00e7erli kurs veya yeterli belgeye sahibi olmak,<\/p>\n<p>c) Derne\u011fe giri\u015f ve y\u0131ll\u0131k aidat\u0131n\u0131 \u00f6demeyi kabul ediyor olmak,<\/p>\n<p>\u00e7) Dernek \u00fcyelik formunu doldurarak yaz\u0131l\u0131 m\u00fcracaatta bulunmu\u015f olmak,<\/p>\n<p>d) Y\u00f6netim kurulunca \u00fcyeli\u011fi kabul edilmi\u015f olmak,<\/p>\n<p><strong>\u00dcyelikten \u00e7\u0131kma ve \u00e7\u0131kar\u0131lma<\/strong><\/p>\n<p><strong>Madde 8-\u00a0<\/strong>(1) \u00dcyelikten \u00e7\u0131kma ve \u00e7\u0131kar\u0131lma a\u015fa\u011f\u0131da belirtilen \u015fekilde ger\u00e7ekle\u015fir.<\/p>\n<p>a) Her \u00fcye \u00f6nceden yaz\u0131l\u0131 bildirimde bulunmak kayd\u0131yla \u00fcyelikten \u00e7\u0131kma hakk\u0131na sahiptir.<\/p>\n<p>b) Hi\u00e7bir kimse \u00fcyelikte kalmaya zorlanamaz.<\/p>\n<p>c) \u00dcyelikten \u00e7\u0131kma \u00fcyenin iste\u011fi ile \u00e7\u0131kar\u0131lma ise; Dernekler Kanunu\u2019na g\u00f6re \u00fcye olma hakk\u0131n\u0131 kaybetme, dernek t\u00fcz\u00fc\u011f\u00fcne ayk\u0131r\u0131 hareket etme, \u00fcyelik aidatlar\u0131n\u0131 \u00f6dememe durumlar\u0131nda y\u00f6netim kurulu karar\u0131yla olur.<\/p>\n<p><strong>\u00dcyelerin haklar\u0131, \u00a0g\u00f6rev, yetki ve sorumluluklar\u0131<\/strong><\/p>\n<p><strong>Madde 9-\u00a0<\/strong>(1) \u00dcyelerin haklar\u0131, g\u00f6rev ve yetkileri a\u015fa\u011f\u0131da belirtilmi\u015ftir.<\/p>\n<p>a) \u00dcyeler e\u015fit haklara, se\u00e7me ve se\u00e7ilme haklar\u0131na sahiptir.<\/p>\n<p>c) \u00dcyeler genel kurul kararlar\u0131nda ve y\u00f6netim kurulu se\u00e7imlerinde oy haklar\u0131n\u0131 \u015fahsen kullan\u0131rlar.<\/p>\n<p>\u00e7) \u00dcyeler genel kurul ve y\u00f6netim kurulunun kararlar\u0131na uymak zorundad\u0131rlar.<\/p>\n<p>d) \u00dcyeler her t\u00fcrl\u00fc \u00f6nerilerini yaz\u0131l\u0131 ve s\u00f6zl\u00fc olarak y\u00f6netim kuruluna ve genel kurula yaparlar.<\/p>\n<p>e) Y\u0131ll\u0131k aidat borcunu \u00f6demeyenler y\u00f6netim kurulu karar\u0131ndan en az otuz g\u00fcn \u00f6nce e-posta yoluyla veya yaz\u0131l\u0131 olarak uyar\u0131ld\u0131ktan sonra y\u00f6netim kurulu karar\u0131yla \u00fcyelikten \u00e7\u0131kart\u0131l\u0131rlar.<\/p>\n<p>f) \u00dcyelikten \u00e7\u0131kan veya \u00e7\u0131kart\u0131lan \u00fcyeler y\u00fck\u00fcml\u00fc oldu\u011fu d\u00f6neme ait aidat bor\u00e7lar\u0131n\u0131 \u00f6demekle y\u00fck\u00fcml\u00fcd\u00fcrler.<\/p>\n<p>g)\u00a0 \u00dcyeler dernek t\u00fcz\u00fc\u011f\u00fcne uygun davranmak zorundad\u0131rlar.<\/p>\n<p>\u011f) \u00dcyeler derne\u011fin amac\u0131n\u0131 engelleyici tav\u0131r ve davran\u0131\u015fta bulunamazlar, dernek ad\u0131n\u0131 kullanarak \u00e7\u0131kar sa\u011flay\u0131c\u0131 i\u015f ve i\u015flemler yapamazlar.<\/p>\n<p>h) Onursal \u00fcyeler genel kurullara kat\u0131labilirler, ancak se\u00e7me ve se\u00e7ilme haklar\u0131 yoktur.<\/p>\n","protected":false},"excerpt":{"rendered":"<p>\u00dcye olma Giri\u015f Aidat\u0131 : 500.00.TL. Ayl\u0131k Aidat\u0131 : 20.00.TL Madde 7\u00a0(1) Dernek \u00fcyeli\u011fi a\u015fa\u011f\u0131daki \u015fartlarla ger\u00e7ekle\u015fir. a) Dernekler Kanunu\u2019nda belirtilen \u015fartlara uygun olmak ve 18 ya\u015f\u0131n\u0131 doldurmu\u015f olmak, b) [&hellip;]<\/p>\n","protected":false},"author":1,"featured_media":0,"parent":0,"menu_order":0,"comment_status":"open","ping_status":"open","template":"","meta":[],"_links":{"self":[{"href":"https:\/\/ankaraizcileri.com\/index.php?rest_route=\/wp\/v2\/pages\/245"}],"collection":[{"href":"https:\/\/ankaraizcileri.com\/index.php?rest_route=\/wp\/v2\/pages"}],"about":[{"href":"https:\/\/ankaraizcileri.com\/index.php?rest_route=\/wp\/v2\/types\/page"}],"author":[{"embeddable":true,"href":"https:\/\/ankaraizcileri.com\/index.php?rest_route=\/wp\/v2\/users\/1"}],"replies":[{"embeddable":true,"href":"https:\/\/ankaraizcileri.com\/index.php?rest_route=%2Fwp%2Fv2%2Fcomments&post=245"}],"version-history":[{"count":4,"href":"https:\/\/ankaraizcileri.com\/index.php?rest_route=\/wp\/v2\/pages\/245\/revisions"}],"predecessor-version":[{"id":2588,"href":"https:\/\/ankaraizcileri.com\/index.php?rest_route=\/wp\/v2\/pages\/245\/revisions\/2588"}],"wp:attachment":[{"href":"https:\/\/ankaraizcileri.com\/index.php?rest_route=%2Fwp%2Fv2%2Fmedia&parent=245"}],"curies":[{"name":"wp","href":"https:\/\/api.w.org\/{rel}","templated":true}]}}