{"id":2186,"date":"2020-04-22T12:47:28","date_gmt":"2020-04-22T12:47:28","guid":{"rendered":"http:\/\/ankaraizcileri.com\/?page_id=2186"},"modified":"2020-04-22T12:48:04","modified_gmt":"2020-04-22T12:48:04","slug":"tbmmnin-kurulusunun-100-yilinda-23-nisan-kutlamalari","status":"publish","type":"page","link":"https:\/\/ankaraizcileri.com\/?page_id=2186","title":{"rendered":"TBMM&#8217;nin Kurulu\u015funun 100. Y\u0131l\u0131nda 23 Nisan Kutlamalar\u0131"},"content":{"rendered":"\n<figure class=\"wp-block-embed-facebook wp-block-embed is-type-video is-provider-facebook\"><div class=\"wp-block-embed__wrapper\">\n<div class=\"entry-embed\"><div id=\"fb-root\"><\/div><script async=\"1\" defer=\"1\" crossorigin=\"anonymous\" src=\"https:\/\/connect.facebook.net\/tr_TR\/sdk.js#xfbml=1&amp;version=v6.0\"><\/script><div class=\"fb-video\" data-href=\"https:\/\/www.facebook.com\/100000996669400\/videos\/3068863953156797\/\" data-width=\"500\"><blockquote cite=\"https:\/\/www.facebook.com\/100000996669400\/videos\/3068863953156797\/\" class=\"fb-xfbml-parse-ignore\"><a href=\"https:\/\/www.facebook.com\/100000996669400\/videos\/3068863953156797\/\"><\/a><p>Y\u00dcCE ATAMIZ,Bug\u00fcn 23 Nisan\u2019\u0131 ne\u015fe ve co\u015fkuyla kutluyoruz. Bu y\u0131l \u00fclke olarak hepimiz evlerdeyiz bu nedenle bir taraf\u0131m\u0131z mutlu iken bir taraf\u0131m\u0131z h\u00fcz\u00fcnl\u00fc.Gelece\u011fi emanet etti\u011fin \u00e7ocuklar\u0131nla bu y\u0131l An\u0131tkabir\u2019e gelemesek de t\u00f6renlerle kutlamalar yapamasak da hep kalbimizdesin. Cumhuriyet ve istiklalimizi gelecek ku\u015faklara ta\u015f\u0131mak isteyerek \u00e7ocuklar\u0131m\u0131za verdi\u011fin bu en \u00f6zel hediye i\u00e7in T\u00fcrk \u00e7ocuklar\u0131 ve T\u00fcrk milleti sana minnettard\u0131r.ANK\u0130ZDER A\u0130LES\u0130<\/p><a href=\"#\" role=\"button\">Zeynep Sar\u0131kavak<\/a> payla\u015ft\u0131: 22 Nisan 2020 \u00c7ar\u015famba<\/blockquote><\/div><\/div>\n<\/div><\/figure>\n\n\n\n<p> Y\u00dcCE ATAMIZ,<br>Bug\u00fcn 23 Nisan\u2019\u0131 ne\u015fe ve co\u015fkuyla kutluyoruz. Bu y\u0131l \u00fclke olarak hepimiz evlerdeyiz bu nedenle bir taraf\u0131m\u0131z mutlu iken bir taraf\u0131m\u0131z h\u00fcz\u00fcnl\u00fc.<br>Gelece\u011fi emanet etti\u011fin \u00e7ocuklar\u0131nla bu y\u0131l An\u0131tkabir\u2019e gelemesek de t\u00f6renlerle kutlamalar yapamasak da hep kalbimizdesin.<br>Cumhuriyet ve istiklalimizi gelecek ku\u015faklara ta\u015f\u0131mak isteyerek \u00e7ocuklar\u0131m\u0131za verdi\u011fin bu en \u00f6zel hediye i\u00e7in T\u00fcrk \u00e7ocuklar\u0131 ve T\u00fcrk milleti sana minnettard\u0131r.<br>ANK\u0130ZDER A\u0130LES\u0130 <\/p>\n","protected":false},"excerpt":{"rendered":"<p>Y\u00dcCE ATAMIZ,Bug\u00fcn 23 Nisan\u2019\u0131 ne\u015fe ve co\u015fkuyla kutluyoruz. Bu y\u0131l \u00fclke olarak hepimiz evlerdeyiz bu nedenle bir taraf\u0131m\u0131z mutlu iken bir taraf\u0131m\u0131z h\u00fcz\u00fcnl\u00fc.Gelece\u011fi emanet etti\u011fin \u00e7ocuklar\u0131nla bu y\u0131l An\u0131tkabir\u2019e gelemesek [&hellip;]<\/p>\n","protected":false},"author":1,"featured_media":0,"parent":0,"menu_order":0,"comment_status":"closed","ping_status":"closed","template":"","meta":[],"_links":{"self":[{"href":"https:\/\/ankaraizcileri.com\/index.php?rest_route=\/wp\/v2\/pages\/2186"}],"collection":[{"href":"https:\/\/ankaraizcileri.com\/index.php?rest_route=\/wp\/v2\/pages"}],"about":[{"href":"https:\/\/ankaraizcileri.com\/index.php?rest_route=\/wp\/v2\/types\/page"}],"author":[{"embeddable":true,"href":"https:\/\/ankaraizcileri.com\/index.php?rest_route=\/wp\/v2\/users\/1"}],"replies":[{"embeddable":true,"href":"https:\/\/ankaraizcileri.com\/index.php?rest_route=%2Fwp%2Fv2%2Fcomments&post=2186"}],"version-history":[{"count":2,"href":"https:\/\/ankaraizcileri.com\/index.php?rest_route=\/wp\/v2\/pages\/2186\/revisions"}],"predecessor-version":[{"id":2189,"href":"https:\/\/ankaraizcileri.com\/index.php?rest_route=\/wp\/v2\/pages\/2186\/revisions\/2189"}],"wp:attachment":[{"href":"https:\/\/ankaraizcileri.com\/index.php?rest_route=%2Fwp%2Fv2%2Fmedia&parent=2186"}],"curies":[{"name":"wp","href":"https:\/\/api.w.org\/{rel}","templated":true}]}}