{"id":108,"date":"2014-06-21T16:54:46","date_gmt":"2014-06-21T16:54:46","guid":{"rendered":"http:\/\/ankaraizcileri.com\/?page_id=108"},"modified":"2025-01-30T09:15:20","modified_gmt":"2025-01-30T09:15:20","slug":"yonetim-kurulu","status":"publish","type":"page","link":"https:\/\/ankaraizcileri.com\/?page_id=108","title":{"rendered":"Y\u00f6netim Kurulu"},"content":{"rendered":"\n<div class=\"wp-block-columns\">\n<div class=\"wp-block-column\"><\/div>\n\n\n\n<div class=\"wp-block-column\"><\/div>\n<\/div>\n\n\n\n<figure class=\"wp-block-table\"><table class=\"has-pale-ocean-gradient-background has-background\"><tbody><tr><td><strong>Y\u00f6netim Kurulu Ba\u015fkan\u0131<\/strong><\/td><td>Duran YURDUNG\u00dcZEL\u0130<\/td><\/tr><tr><td><strong>Genel Sekreter<\/strong><\/td><td>Zeynep SARIKAVAK<\/td><\/tr><tr><td><strong>Mali \u0130\u015fler Sekreteri<\/strong><\/td><td>\u00d6zer BA\u015e<\/td><\/tr><tr><td><strong>E\u011fitim ve Faaliyetler Sekreteri<\/strong><\/td><td> Serap \u015eALA<\/td><\/tr><tr><td><strong>\u00d6rg\u00fctlenme ve Hukuk Sekreteri<\/strong><\/td><td>Ertan KULAKSIZ<\/td><\/tr><tr><td><strong>Medya ve D\u0131\u015f \u0130li\u015fkiler Sekreteri<\/strong><\/td><td>H\u00fclya BEKARO\u011eLU<\/td><\/tr><tr><td><strong> Tesisler ve Ta\u015f\u0131n\u0131rlar Sekreteri<\/strong><\/td><td>Vedat CELEP<\/td><\/tr><\/tbody><\/table><\/figure>\n\n\n\n<p class=\"has-vivid-cyan-blue-color has-text-color\">&nbsp;<\/p>\n\n\n\n<p><\/p>\n","protected":false},"excerpt":{"rendered":"<p>Y\u00f6netim Kurulu Ba\u015fkan\u0131 Duran YURDUNG\u00dcZEL\u0130 Genel Sekreter Zeynep SARIKAVAK Mali \u0130\u015fler Sekreteri \u00d6zer BA\u015e E\u011fitim ve Faaliyetler Sekreteri Serap \u015eALA \u00d6rg\u00fctlenme ve Hukuk Sekreteri Ertan KULAKSIZ Medya ve D\u0131\u015f \u0130li\u015fkiler [&hellip;]<\/p>\n","protected":false},"author":1,"featured_media":0,"parent":0,"menu_order":0,"comment_status":"open","ping_status":"open","template":"","meta":[],"_links":{"self":[{"href":"https:\/\/ankaraizcileri.com\/index.php?rest_route=\/wp\/v2\/pages\/108"}],"collection":[{"href":"https:\/\/ankaraizcileri.com\/index.php?rest_route=\/wp\/v2\/pages"}],"about":[{"href":"https:\/\/ankaraizcileri.com\/index.php?rest_route=\/wp\/v2\/types\/page"}],"author":[{"embeddable":true,"href":"https:\/\/ankaraizcileri.com\/index.php?rest_route=\/wp\/v2\/users\/1"}],"replies":[{"embeddable":true,"href":"https:\/\/ankaraizcileri.com\/index.php?rest_route=%2Fwp%2Fv2%2Fcomments&post=108"}],"version-history":[{"count":53,"href":"https:\/\/ankaraizcileri.com\/index.php?rest_route=\/wp\/v2\/pages\/108\/revisions"}],"predecessor-version":[{"id":2771,"href":"https:\/\/ankaraizcileri.com\/index.php?rest_route=\/wp\/v2\/pages\/108\/revisions\/2771"}],"wp:attachment":[{"href":"https:\/\/ankaraizcileri.com\/index.php?rest_route=%2Fwp%2Fv2%2Fmedia&parent=108"}],"curies":[{"name":"wp","href":"https:\/\/api.w.org\/{rel}","templated":true}]}}